 be (-24)/(-60)*5*-3. Let n = 1678 - 877. List the prime factors of n/y*(0 + 4/(-3)).
2, 89
Suppose 0 = 2*v + 3*d - 165, -5*d = -2*v + v + 115. Let p = -92 + v. Let x(j) = -3*j**3 + 2*j**2 + j - 3. What are the prime factors of x(p)?
3
Suppose 7*h = -0*h - 4*n + 4345, 0 = 2*h + n - 1242. What are the prime factors of h?
7, 89
Let c be -668 - (-2)/(3 + -1). Let a(d) = 2*d**3 - 94*d**2 - 64*d + 2058. Let j be a(47). Let x = c - j. What are the prime factors of x?
283
Let m(j) = 40*j - 16. Let r be m(2). Suppose -32 = -4*x - r. Let h(w) = w**3 + 9*w**2 - 2*w - 14. List the prime factors of h(x).
2, 3, 11
Let l(x) = x**3 - 7*x**2 - x + 6. Suppose -m - 2*m + 15 = 0. Let h be l(m). What are the prime factors of 1/(-1) - (2 + h)?
2, 23
Suppose 0 = -60*c + 64*c - 3504. Let q = c + -579. List the prime factors of q.
3, 11
Suppose -5*l = 2*x + 36, 4*l = -2*x + 3 - 33. What are the prime factors of (1896/3 - 2)*l/(-4)?
3, 5, 7
Suppose 3517 + 5771 = 43*o. Suppose 2*s = 4*k + 246, -2*k = 2*s - 0*k - o. List the prime factors of s.
113
What are the prime factors of 2492*((-864)/16)/(-9)?
2, 3, 7, 89
Suppose -20866 + 92986 = 62*q - 325858. What are the prime factors of q?
7, 131
Let p(t) = -150*t + 28. Let o be p(-4). Let w = 1 + o. What are the prime factors of w?
17, 37
Suppose -55222 = -5*j + i, 11*j - 33134 = 8*j + i. What are the prime factors of j?
2, 11, 251
Suppose -2*f + 26 = -22. Suppose -5*c - 2*a - 116 = -86, 2*a = -3*c - 18. What are the prime factors of (f/9)/(c/(-72))?
2
Suppose 0*d = -d - 24. Let c be (-82)/(-615) - (-3)/(135/(-39696)). List the prime factors of c/d - (-2)/8.
37
Let m(w) = -958*w - 5678. List the prime factors of m(-64).
2, 27817
Suppose -170*r + 166*r = -5*i + 74595, -2*r + 59702 = 4*i. List the prime factors of i.
14923
Suppose 4*p = 11 - 23. List the prime factors of p/(-12) - (-10296)/32.
2, 7, 23
Let a(m) = m**3 - 24*m**2 + 38*m - 163. Let i be a(28). Suppose 18*s = 7*s + i. What are the prime factors of s?
367
Let l(b) = -b**3 + b + 1. Let t(n) = -891*n**3 - n**2 + 6*n + 5. Let s(y) = 4*l(y) - t(y). List the prime factors of s(1).
3, 5, 59
Let r = 34048 - 16556. What are the prime factors of r?
2, 4373
Let d be (3/(-9))/(9/621*-1). Suppose 0 = 16*r - d*r + 3367. What are the prime factors of r?
13, 37
Suppose 4*r - 442 = 2*l, -3*l + 2*l - 4*r = 197. Let c = -203 - l. What are the prime factors of c?
2, 5
Let r = 55980 - 27830. List the prime factors of r.
2, 5, 563
List the prime factors of ((0 - -72227) + (12 - 13))/2.
7, 11, 67
Let i be 86/8 - ((-9)/4 + 3). Suppose h - i = -2*b, h + 0*b + 3*b - 14 = 0. Suppose h*o = -2*l + 186, 2*o + 384 = 7*l - 3*l. What are the prime factors of l?
5, 19
Suppose 10034136 = 215*v + 248*v. List the prime factors of v.
2, 3, 7, 43
Suppose s - 4*s + 42489 = -0*s. What are the prime factors of s?
3, 4721
Let p = 75 + -66. Suppose -12*l + 1065 = -p*l. List the prime factors of l.
5, 71
Suppose j = -2*x + 10, -2*j - 7 = -x - 2. Suppose r + j = -7. Let f(k) = -k**3 - 6*k**2 - 10. List the prime factors of f(r).
3, 13
Let m = 138 + -2. Let y = -17 + m. What are the prime factors of y?
7, 17
Let n = -1281 - -6280. What are the prime factors of n?
4999
Let d(y) = 237*y**2 + 26*y + 323. What are the prime factors of d(12)?
34763
Let l = 1013 + 3727. List the prime factors of l.
2, 3, 5, 79
Let n(r) = 32*r - 7. Let x(b) = 7*b - 3. Let u be x(6). Let m = u + -37. What are the prime factors of n(m)?
3, 19
List the prime factors of (-141 + (-5)/((-15)/(-24)))/(4/(-356)).
89, 149
Let d = 38 - 33. Suppose 2*y + 5*r = -44, -5*y = -2*y + d*r + 61. Let t = y - -63. List the prime factors of t.
2, 23
Let f(h) = h**3 + 9*h**2 - 5*h + 16. Let v be 8/(-6)*6/(-4). Let a = v - 10. What are the prime factors of f(a)?
2, 3, 5
Let x(u) = -6*u - 6. Let l(w) = 1. Suppose -2*o = -3*j + 3, -3*j - 2*o + 0 = -3. Let z(c) = j*x(c) + 2*l(c). List the prime factors of z(-13).
2, 37
Let a be (-2*(-3)/(-12))/(3/12). Let z(s) = 239*s - 2. Let q be z(a). Let y = -301 - q. What are the prime factors of y?
179
Let v(a) = 8*a**2 - 145*a - 184. List the prime factors of v(43).
3, 2791
What are the prime factors of ((-7263)/(-2))/((-579)/(-1158) - (-2)/(-16))?
2, 3, 269
Let f(u) = -u**3 - 7*u**2 - 2*u + 10. Let m = -13 - -5. Let g be f(m). Let a = g - -5. List the prime factors of a.
5, 19
Let f(q) = q**2 - 49*q + 556. Let z be f(32). Let g = 6 + 0. List the prime factors of 1004/z - 3 - 4/g.
2, 5
Let i(c) = 2422*c + 1711. What are the prime factors of i(15)?
109, 349
Let u(w) be the first derivative of -1/4*w**4 - 9*w**3 + 19 - 20*w - 2*w**2. What are the prime factors of u(-27)?
2, 11
Let b be -4*9/(-12) + 1133. Suppose 18*k - 20*k + b = 0. Suppose 2*v + 3*y - 362 = -83, 4*y - k = -4*v. List the prime factors of v.
3, 7
Suppose -47 = 2*d - 929. Let a = d - 660. Let z = a + 499. What are the prime factors of z?
2, 5, 7
Suppose -7*d + 395 = -4*k - 4*d, -2*d + 394 = -4*k. List the prime factors of (-2)/28 - 23919/k.
2, 61
Let h = -2361 - -3703. List the prime factors of h.
2, 11, 61
Let b = 717 + -505. Let r = b - -99. What are the prime factors of r?
311
Let d(m) = 31*m - 24. Let o be d(7). Let y = o - 122. Let b = y + -9. List the prime factors of b.
2, 31
Let r(m) = 151*m - 1984. List the prime factors of r(46).
2, 3, 827
Suppose 0 = -92*i + 60*i + 212539 + 402341. What are the prime factors of i?
3, 5, 7, 61
Suppose j - 4*b - 6063 = 0, 2*b + 6799 = -10*j + 67177. What are the prime factors of j?
3, 11, 61
Suppose 5*j - 111935 = -5*b, 0 = -2*b + 4*j + 18056 + 26682. What are the prime factors of b?
22381
Suppose -5*z + 32*n - 31*n - 42 = 0, -z - 10 = -n. What are the prime factors of 143860/76 - z/76?
3, 631
Let c be 45/(-10)*(7 - (-327)/(-9)). Let r = 1486 - c. What are the prime factors of r?
2, 677
Suppose -7*t + 28 = -0. Suppose -4*n + 1 = -v, t*n = -5*v + 2*v - 3. What are the prime factors of -4 - (24/(-2) - n)?
2
Suppose 205080 = -4*s + 9*s + 5*a, s = -4*a + 41004. What are the prime factors of s?
2, 5, 7, 293
Let h be (5 - (-3 - -6))*(-1866)/(-6). List the prime factors of ((117/6)/(-13))/((-1)/h).
3, 311
Let g(c) = 67*c**2 + c + 2. Let d be g(-1). Suppose -7*a + 200 = -2*a - 5*k, 4*k = -2*a + d. Suppose -11*w = a - 588. List the prime factors of w.
2, 5
Suppose p - 2855 = -0*r - 2*r, -2*r + 4*p = -2840. Suppose 8*g + 178 - r = 0. List the prime factors of (1 + 185)/((g/8)/13).
2, 31
Let h(y) = -3*y - 62. Suppose -44 = -4*r - 132. Let b be h(r). Suppose b*l + 348 = 3*v, -3*v - 5*l = 2 - 377. List the prime factors of v.
2, 3, 5
Suppose 67*w + 107902 = 408397. What are the prime factors of w?
3, 5, 13, 23
Let t be (-5)/(3 - -2) - (3 - 3081). Suppose 8*n - t = 555. List the prime factors of n.
2, 227
Suppose -8 - 13 = -3*z. Suppose z*m = 5*m. What are the prime factors of 1 + m - -61 - -4?
2, 3, 11
Let k(o) = 5*o**2 + 6*o + 7. Let d(r) = -3*r**2 - 2*r - 3. Let x be d(-3). Let w = x - -21. What are the prime factors of k(w)?
2, 17
Let a(l) = 305*l**2 + 17*l - 88. What are the prime factors of a(5)?
2, 37, 103
Let j = -15 + 44. Let r = j - 29. Suppose -3*n + n = -i - 151, -4*n - 2*i + 306 = r. List the prime factors of n.
2, 19
Suppose -9*s - 509 + 104 = 0. List the prime factors of 6132/20 - 18/s.
307
Let u = -7756 + 12494. What are the prime factors of u?
2, 23, 103
Let p(f) = 3*f + 24. Suppose 9 = -g - 2*v, 5*v = -2*g - 22 + 4. Let n be p(g). Let r(d) = -22*d - 4. List the prime factors of r(n).
2, 31
Let d = 87473 + -46895. What are the prime factors of d?
2, 3, 6763
Let c = -15 - -47. Suppose -4*v = -4*f - 2*v - 22, -4*f + 4*v = c. What are the prime factors of ((f - -7) + 297)/(-1 - -2)?
7, 43
Let g(z) = 8*z**2 - 95*z + 352. List the prime factors of g(77).
11, 13, 283
Let j(p) = -p**2 - 9*p - 18. Let b be j(-6). Let q(m) = m**2 - 2*m + 301. What are the prime factors of q(b)?
7, 43
Let k be -7 + 589 - (2 + 4*-1). Let f = k - -281. List the prime factors of f.
5, 173
Let y(o) = 734*o - 1399. List the prime factors of y(44).
3, 3433
Let c = 50 - 55. Let j = -2 - c. Suppose 3*q - 428 = -4*t, q + j*t = -3*q + 580. What are the prime factors of q?
2, 37
Let o = 55 - 52. Suppose 0 = 4*a, 3*s + o*a = a + 12. Suppose d + s = 0, 345 = 5*l - d - 4*d. List the prime factors of l.
5, 13
Suppose 0 = -563*k + 608*k - 389880. W